o + 2*o + 8 = 0, 0 = 5*j - 2*o - 13. What is the units digit of 1 + 0 + (3 - j)?
3
Suppose 2*u + 2*u + 3*t = 29, 5*t + 3 = -2*u. Let w = u + -1. What is the units digit of w?
0
Suppose -2 = -5*h - 12. Let c be -1 - (h + 1)*-2. What is the units digit of (-26)/c - 6/9?
8
Suppose 4*b = j + 14, -4*j - 2*b + 16 = -0*b. Suppose j*n = 3*n - 20. What is the tens digit of n?
2
Let p = 47 + -29. Suppose 7*n - 4*n = p. What is the units digit of n?
6
Let g(j) = -3*j**2 + 10*j - 3. Let i(o) = -10*o**2 + 31*o - 8. Let m(y) = 7*g(y) - 2*i(y). What is the units digit of m(6)?
7
What is the units digit of -4 - -239 - 0/2?
5
Suppose 0 = m - 2*m + 18. Suppose -11 = 3*r + 1, -b = 3*r - m. What is the units digit of b?
0
What is the hundreds digit of -16*-1*(-4)/(-20)*125?
4
Suppose 9 = -d + 4*z, -3*z = 5*d - 4*z + 7. Let u = 6 - d. What is the units digit of u?
7
Let y be 15/2 + (-7)/(-14). Suppose -h = 3*j - 14, -j + 3*j + 5*h + y = 0. What is the units digit of j?
6
Let u(d) = -d - 3. Let b be u(-6). Suppose -b*g + 5*a = 34, 2*a - 4 = -0. Let p = 2 - g. What is the tens digit of p?
1
Suppose -5*t = 20, -f - 4*t - 24 = 1. Let o be (-6)/(-9) + (-40)/6. Let h = o - f. What is the units digit of h?
3
Suppose -l - 81 = -2*m, 0*l = m - 5*l - 54. What is the units digit of m?
9
Let b(k) = -43*k**3 + 2*k**2 - 2*k - 4. What is the tens digit of b(-2)?
5
Suppose -z + 13 + 5 = 5*p, -2*p + 15 = 3*z. Suppose m - l = 33, -3*m + p*l - l = -101. What is the units digit of m?
5
Let a(r) = -3*r**2 + 3 + 2 - 4*r + 4*r**3 - 4 - 3*r**3. What is the units digit of a(5)?
1
Let g(a) = 38*a. Let h be g(-1). Let i be h/6 - 7/(-21). What is the units digit of (1/3 + -1)*i?
4
Suppose z - 5 = -5*n + 16, -z - 4*n = -23. What is the tens digit of z?
3
Suppose -5*m - 145 = -3*a - 38, -3*m + 65 = 2*a. What is the units digit of a?
4
Let h = 50 + 48. What is the units digit of h?
8
Suppose c = 4*c - 159. What is the tens digit of c?
5
Suppose 175 = 5*i + 5*z, -3*z - 74 = -2*i - 4*z. Suppose -i = -n + 4. What is the tens digit of n?
4
Let r = -5 - -28. What is the units digit of r?
3
Let g = -22 + 40. What is the units digit of g?
8
Suppose 3*s + 8 = 5*s + 4*h, -3*h - 7 = -5*s. Let y = 11 - s. Suppose y = 4*i + 5*k - 48, -4*i + 48 = -4*k. What is the units digit of i?
3
Suppose 13 = 3*o + 2*z + 3, -2*z + 12 = 4*o. Suppose -3*v + 11 - o = 0. Suppose -24 = -4*y - 4*i, 8*y - 46 = v*y + 3*i. What is the units digit of y?
8
Suppose 0 = s - g - 8, 4*s - 1 = -3*g + 3. Suppose -100 = -s*m - 4*w, w + 27 + 14 = 2*m. What is the tens digit of m?
2
Let k(o) = -o**3 + 8*o**2 + 9*o + 3. Let y be k(9). Suppose -14 = -3*f - 0*l - 4*l, 2*f + y*l = 9. Let s = 2 + f. What is the units digit of s?
8
Suppose 2 = 2*o - 8. Suppose -160 = -o*i + i. Suppose -5*r + 0*r + i = 0. What is the units digit of r?
8
Suppose -2*p = p. Suppose 0 = -3*b + 3 - p. What is the units digit of b?
1
Let l(a) = -59*a + 18. What is the units digit of l(-3)?
5
Suppose 2*a - 303 = -51. What is the hundreds digit of a?
1
What is the units digit of -33*6/(-4 + 1)?
6
Let i(o) = o**3 + 9*o**2 - 11*o + 14. What is the units digit of i(-10)?
4
Let g be 1*(-1)/((-1)/5). Suppose -5*k + 36 = -3*b, 3*k + 6 = g*k. Let t(f) = -f**3 - 7*f**2 + f + 10. What is the units digit of t(b)?
3
Let z = 0 - -1. Let v be z/4 + (-61)/4. What is the units digit of ((-3)/2)/(v/80)?
8
Let k(t) = -3*t - t + 5*t + 4 - 4*t - t**2. Let a be k(-3). Suppose 2*x = 12 - a. What is the units digit of x?
4
Let f be (-66)/15 + 2/5. Let m be (1 + f/6)*27. Let b = -1 + m. What is the units digit of b?
8
Let a(n) = -2*n - 1. Suppose -2*r = -r + 3. Let u be a(r). Suppose -26 = -o - o - j, 0 = 4*o + u*j - 52. What is the units digit of o?
3
Let w(z) = -2*z**2 + 3*z - 1. Let b = 4 - 2. Let c be w(b). Let g = 11 + c. What is the units digit of g?
8
Suppose 2 + 2 = 4*n. Let v be (0 - (n - 0)) + 9. Let y = -4 + v. What is the units digit of y?
4
Let q(t) = t**2 - 4*t - 3. What is the units digit of q(6)?
9
Let w(m) be the second derivative of m**3/6 - m**2 - 2*m. Let v be w(5). Suppose v*g = g + 6. What is the units digit of g?
3
Let o be ((-2)/2)/(4/(-60)). Let z = 1 + o. What is the units digit of z?
6
Suppose -3*n = -0*n. Suppose 0 = -4*u + 3*s + 16 + 16, n = -3*s - 12. Suppose u*k + 4 = 44. What is the units digit of k?
8
Let a = -66 + 72. What is the units digit of a?
6
What is the units digit of (1072/20)/((-2)/(-5))?
4
Let j(r) = r**2 + 2*r + 9. Let u(o) = -o**2 - o - 4. Let p(h) = -4*j(h) - 9*u(h). What is the tens digit of p(-2)?
1
What is the tens digit of (-122 + (3 + -3)/(-4))/(-2)?
6
Suppose 0 = 2*u + 6, 0*p - 2 = -p + 3*u. Let t(j) = j**3 + 6*j**2 - 9*j - 6. What is the units digit of t(p)?
8
Let c be (26/4 - 1)*2. Suppose 3*w = 5*y + c, -3*y = -6*y - 3. Suppose -w*p + 18 = p. What is the units digit of p?
6
Let u = 7 - 33. Let v = -11 - u. What is the units digit of v?
5
Suppose n + 17 = 2*v - 32, -5*v = -2*n - 122. What is the units digit of v?
4
Let p be (4 + 2)*27/6. Let z = p - 5. What is the tens digit of z?
2
Suppose 5*d - 141 = 19. What is the tens digit of d?
3
Let f = -8 - -11. Let s = 5 - f. Suppose s*m - 20 + 4 = 0. What is the units digit of m?
8
Let j(l) = -l + 4. Let v be j(0). Let q = v - 1. What is the units digit of q?
3
Suppose 13 = -2*a + 57. Suppose -4*k + a = 5*j - 77, -4*j = -k + 9. What is the tens digit of k?
2
What is the tens digit of (14/(-3))/(14/(-63))?
2
Let z(p) = p**3 - 6*p**2 - p + 8. What is the tens digit of z(7)?
5
What is the tens digit of (22 + -3)/(1/2)?
3
Let k be (-222)/15 - 2/10. Suppose -a - 22 = -4*s + s, 4*s - 66 = 5*a. What is the units digit of a*2/k*3?
4
Suppose q = -4, z - 2*z - 3*q + 44 = 0. What is the units digit of z?
6
Let z = -46 - -166. What is the units digit of z?
0
Let c(m) be the first derivative of m**3/3 - 5*m**2/2 + 7*m + 1. What is the tens digit of c(6)?
1
Let x(s) = 5*s**3 - s**2. Let a be x(1). Suppose -d + 0 + a = 0. What is the units digit of d?
4
Suppose 3*k + 256 = 5*k. What is the hundreds digit of k?
1
Suppose 37 = 3*p - 221. Let a = 149 - p. Let f = a + -41. What is the units digit of f?
2
Suppose 2*c = 5*t - 42, 2*t + 3*c - 11 = 2. Suppose 28 = 3*v - 0*x - 5*x, -4*x = t. What is the units digit of v?
6
Let k(w) = w + 22. Let f be k(-17). Suppose 6*y - 57 = f*y. What is the units digit of y?
7
Suppose q = 5*q - 52. Let r = 21 - q. Let g = r + 2. What is the tens digit of g?
1
Suppose 0 = f - c - 3, -2*f + 3 = f - c. Suppose 5*r = -f*r + 35. What is the units digit of r?
7
Suppose 2*f - 4*x - 10 = 0, 0*f + 3*x = -4*f + 20. Suppose n = -f*n + 12. What is the units digit of n?
2
Let x = 9 + -13. Let c = 0 - x. Suppose 0 = c*r - 5 + 1. What is the units digit of r?
1
Suppose 12 = 4*s - 6*s. Let n = -2 - s. Suppose 0 = d + 3*l - 7, -4*l - 12 = -n*d - 0*l. What is the units digit of d?
4
Suppose -24 = -3*w + 408. Suppose -n = 3*n - w. What is the tens digit of n?
3
Let p(n) be the third derivative of -n**7/2520 + n**6/720 + n**5/20 - 3*n**2. Let d(l) be the third derivative of p(l). What is the units digit of d(-5)?
1
Suppose 3*v - 8*v = -125. Suppose v = 2*x + 3*x. Suppose 0 = x*u - 1 - 34. What is the units digit of u?
7
Let z = -58 - -111. What is the tens digit of z?
5
Let q = 3 + -3. Suppose 22 = -4*x - 2*d - 0*d, -x + 5*d - 22 = q. Let n = -1 - x. What is the units digit of n?
6
Suppose -26 = 4*r + 70. Let f = r + 52. What is the tens digit of f?
2
Let r(d) = -d**2 + 2*d. Let b be r(2). Suppose 2*x - 5*x + 54 = b. What is the units digit of x?
8
Let h(z) = -7*z - 3. Suppose 3 - 5 = u. What is the tens digit of h(u)?
1
Let q = 11 - 7. Let k = -10 - -5. Let a = q - k. What is the units digit of a?
9
Let s(x) be the second derivative of -x**3/6 - 9*x**2/2 - 3*x. Let q be s(-6). What is the units digit of q/6 - 17/(-2)?
8
Suppose -2*k - 1 = -b - 20, -k + b = -7. Suppose j = -k + 28. What is the units digit of j?
6
Let v = 15 - -24. Let g = v - 20. What is the units digit of g?
9
What is the hundreds digit of ((-618)/12)/((-1)/2)?
1
Let w(g) = -g**3 + 7*g**2 + 9*g - 1. Let v(h) = h**2 + 8. Let k be v(0). Let s be w(k). Suppose s - 3 = q. What is the units digit of q?
4
Let c be ((-3)/6)/((-1)/6). Suppose 5*w = -2*g + 20, -2*w - c*g = -8 - 0. Suppose 2 = d - w. What is the units digit of d?
6
Let a(